{"id":24,"date":"2019-05-08T11:54:56","date_gmt":"2019-05-08T09:54:56","guid":{"rendered":"http:\/\/aufildeneuville.fr\/?page_id=24"},"modified":"2023-01-05T10:14:22","modified_gmt":"2023-01-05T09:14:22","slug":"accueil","status":"publish","type":"page","link":"http:\/\/aufildeneuville.fr\/","title":{"rendered":"Accueil"},"content":{"rendered":"\n<p class=\"has-text-align-center has-very-dark-gray-color has-text-color\" style=\"font-size:33px\">G\u00eete **** 14 personnes au calme \u00e0 la campagne <\/p>\n\n\n\n<p> <\/p>\n\n\n\n<p><\/p>\n\n\n\n<figure class=\"wp-block-image\"><img loading=\"lazy\" width=\"1024\" height=\"683\" src=\"http:\/\/aufildeneuville.fr\/wp-content\/uploads\/2019\/06\/DSC_0263-1-1024x683.jpg\" alt=\"\" class=\"wp-image-130\" srcset=\"http:\/\/aufildeneuville.fr\/wp-content\/uploads\/2019\/06\/DSC_0263-1-1024x683.jpg 1024w, http:\/\/aufildeneuville.fr\/wp-content\/uploads\/2019\/06\/DSC_0263-1-300x200.jpg 300w, http:\/\/aufildeneuville.fr\/wp-content\/uploads\/2019\/06\/DSC_0263-1-768x512.jpg 768w\" sizes=\"(max-width: 1024px) 100vw, 1024px\" \/><\/figure>\n\n\n\n<p><\/p>\n\n\n\n<h3>Meubl\u00e9 de tourisme 4 ****<\/h3>\n\n\n\n<p>A 40 kms de la baie de somme et de la station baln\u00e9aire du Tr\u00e9port<\/p>\n\n\n\n<p>Nous acceptons avec plaisir nos amis \u00e0 quatre pattes qui pourront se d\u00e9fouler dans un parc clos et arbor\u00e9 de 4000 m2.<\/p>\n\n\n\n<p>Entr\u00e9e apr\u00e8s 16h00.<\/p>\n\n\n\n<p>Sortie pour 10h00.<\/p>\n\n\n\n<p>Pas de taxe de s\u00e9jour.<\/p>\n\n\n\n<p>Bois de chauffage pour le po\u00eale et \u00e9lectricit\u00e9 compris.<\/p>\n\n\n\n<p>Pour tout v\u00e9hicule \u00e9lectrique un suppl\u00e9ment sera demand\u00e9.<\/p>\n\n\n\n<p>Patio sur l&rsquo;avant et terrasse sur l&rsquo;arri\u00e8re. Pas de vis \u00e0 vis.<\/p>\n\n\n\n<p>Forfait m\u00e9nage obligatoire de 200 euros<\/p>\n\n\n\n<p>D\u00e9p\u00f4t de garantie de 700 euros<\/p>\n\n\n\n<p><\/p>\n\n\n\n<p>Au rez de chauss\u00e9e vous profiterez de 3 chambres spacieuses :<\/p>\n\n\n\n<p>* chambre de 20 m2 avec un lit de 160 x 200, un lit de b\u00e9b\u00e9 et une grande penderie<\/p>\n\n\n\n<p>* chambre de 20 m2 avec un lit de 160 x 200 et un lit de 140 x 190<\/p>\n\n\n\n<p>* chambre de 12 m2 avec un lit de 160 x 200, une grande penderie et un acc\u00e8s direct sur la salle d&rsquo;eau<\/p>\n\n\n\n<p>Vous disposerez de :<\/p>\n\n\n\n<p>* deux wc ind\u00e9pendants<\/p>\n\n\n\n<p>* une salle d&rsquo;eau (douche et lavabo)<\/p>\n\n\n\n<p>* une salle de bains (douche, baignoire et lavabo)<\/p>\n\n\n\n<p>* une t\u00e9l\u00e9vision<\/p>\n\n\n\n<p><\/p>\n\n\n\n<p>A l&rsquo;\u00e9tage vous disposerez de :<\/p>\n\n\n\n<p>* une chambre avec lit de deux personnes de 140 x 190 et un lit de b\u00e9b\u00e9<\/p>\n\n\n\n<p>* deux chambres avec lit de deux personnes 160 x 200<\/p>\n\n\n\n<p>* une salle d&rsquo;eau (lavabo et douche)<\/p>\n\n\n\n<p>* un wc ind\u00e9pendant<\/p>\n\n\n\n<p>* un coin lecture et t\u00e9l\u00e9vision<\/p>\n\n\n\n<p>* un baby foot<\/p>\n\n\n\n<p>Vous partagerez vos repas et vos moments de d\u00e9tente au salon dans une pi\u00e8ce principale de 70 m2.<\/p>\n\n\n\n<p>Vous disposerez d&rsquo;une cuisine fonctionnelle compl\u00e8tement am\u00e9nag\u00e9e (four, lave vaisselle, plaques \u00e0 induction, r\u00e9frig\u00e9rateur am\u00e9ricain et r\u00e9frig\u00e9rateur cong\u00e9lateur) et \u00e9quip\u00e9e (cafeti\u00e8re, sens\u00e9o, grille pain, bouilloire, vaisselle en cons\u00e9quence) donnant sur une terrasse de 23 m2<\/p>\n\n\n\n<p>Le gite est \u00e9quip\u00e9 d&rsquo;un lave linge, d&rsquo;une table de jardin et transats, des v\u00e9los sont mis \u00e0 votre disposition gracieusement. Vous trouverez \u00e9galement pour nos plus petits plaisanciers des jouets.<\/p>\n\n\n\n<p>Un supermarch\u00e9 se trouve \u00e0 3 kilom\u00e8tres avec boulangerie.<\/p>\n\n\n\n<p>Point de d\u00e9part pour des visites historiques comme le ch\u00e2teau de Rambures, le ch\u00e2teau de Eu, les grottes de Naours, le parc Samara ou pour des promenades dans la baie de somme, le parc du Marquenterre, la for\u00eat domaniale de Eu ou au parc d&rsquo;attractions de Bagatelle, les falaises du Tr\u00e9port et son funiculaire.<\/p>\n\n\n\n<p>A noter que durant les vacances scolaires les locations se font imp\u00e9rativement du samedi au samedi<\/p>\n\n\n\n<p>Hors vacances scolaires le s\u00e9jour est modulable avec un minimum de trois nuits.<\/p>\n\n\n\n<p>Location :<\/p>\n\n\n\n<p>draps : 10 euros par lit<\/p>\n\n\n\n<p>serviettes de bains : 7 euros par personne (drap de bains, serviettes et 2 gants)<\/p>\n\n\n\n<p>Tarif :<\/p>\n\n\n\n<p>195 euros par nuit hors vacances scolaires et jours f\u00e9ri\u00e9s<\/p>\n\n\n\n<p>220 euros par nuit pendant les vacances scolaires et jours f\u00e9ri\u00e9s<\/p>\n\n\n\n<p><\/p>\n","protected":false},"excerpt":{"rendered":"<p>G\u00eete **** 14 personnes au calme \u00e0 la campagne Meubl\u00e9 de tourisme 4 **** A 40 kms de la baie de somme et de la station baln\u00e9aire du Tr\u00e9port Nous acceptons avec plaisir nos amis \u00e0 quatre pattes qui pourront se d\u00e9fouler dans un parc clos et arbor\u00e9 de 4000 m2. Entr\u00e9e apr\u00e8s 16h00. Sortie [&hellip;]<\/p>\n","protected":false},"author":2,"featured_media":75,"parent":0,"menu_order":0,"comment_status":"closed","ping_status":"closed","template":"","meta":[],"_links":{"self":[{"href":"http:\/\/aufildeneuville.fr\/index.php\/wp-json\/wp\/v2\/pages\/24"}],"collection":[{"href":"http:\/\/aufildeneuville.fr\/index.php\/wp-json\/wp\/v2\/pages"}],"about":[{"href":"http:\/\/aufildeneuville.fr\/index.php\/wp-json\/wp\/v2\/types\/page"}],"author":[{"embeddable":true,"href":"http:\/\/aufildeneuville.fr\/index.php\/wp-json\/wp\/v2\/users\/2"}],"replies":[{"embeddable":true,"href":"http:\/\/aufildeneuville.fr\/index.php\/wp-json\/wp\/v2\/comments?post=24"}],"version-history":[{"count":20,"href":"http:\/\/aufildeneuville.fr\/index.php\/wp-json\/wp\/v2\/pages\/24\/revisions"}],"predecessor-version":[{"id":143,"href":"http:\/\/aufildeneuville.fr\/index.php\/wp-json\/wp\/v2\/pages\/24\/revisions\/143"}],"wp:featuredmedia":[{"embeddable":true,"href":"http:\/\/aufildeneuville.fr\/index.php\/wp-json\/wp\/v2\/media\/75"}],"wp:attachment":[{"href":"http:\/\/aufildeneuville.fr\/index.php\/wp-json\/wp\/v2\/media?parent=24"}],"curies":[{"name":"wp","href":"https:\/\/api.w.org\/{rel}","templated":true}]}}